r when 976673 is divided by 186?
173
Calculate the remainder when 609389 is divided by 202980.
449
What is the remainder when 2338168 is divided by 116906?
48
Calculate the remainder when 3831193 is divided by 638530.
13
Calculate the remainder when 15848651 is divided by 163.
161
Calculate the remainder when 275626438 is divided by 145.
143
What is the remainder when 16572 is divided by 8138?
296
What is the remainder when 661791 is divided by 329784?
2223
What is the remainder when 123666 is divided by 40222?
3000
Calculate the remainder when 1071912 is divided by 119076.
228
Calculate the remainder when 1068400 is divided by 157.
15
Calculate the remainder when 38322288 is divided by 40.
8
Calculate the remainder when 1396333 is divided by 12240.
973
Calculate the remainder when 67117 is divided by 2886.
739
Calculate the remainder when 125970061 is divided by 176.
173
What is the remainder when 442630497 is divided by 50?
47
Calculate the remainder when 4610934 is divided by 2305445.
44
What is the remainder when 722568 is divided by 3623?
1591
What is the remainder when 9132 is divided by 9119?
13
Calculate the remainder when 336963 is divided by 25917.
42
Calculate the remainder when 24185 is divided by 21210.
2975
What is the remainder when 722311 is divided by 412?
75
Calculate the remainder when 2203792 is divided by 52.
32
What is the remainder when 64429524 is divided by 7158833?
27
Calculate the remainder when 110390399 is divided by 48.
47
Calculate the remainder when 354184476 is divided by 27.
15
What is the remainder when 21280 is divided by 10372?
536
What is the remainder when 296427 is divided by 293485?
2942
Calculate the remainder when 22157 is divided by 3379.
1883
Calculate the remainder when 12719124 is divided by 519.
510
What is the remainder when 134004 is divided by 44662?
18
What is the remainder when 12968 is divided by 11378?
1590
What is the remainder when 24909041 is divided by 15?
11
What is the remainder when 3735295 is divided by 10611?
223
Calculate the remainder when 414709 is divided by 10002.
4627
Calculate the remainder when 1158116 is divided by 360.
356
What is the remainder when 11334 is divided by 1785?
624
Calculate the remainder when 349257 is divided by 350.
307
What is the remainder when 5724517 is divided by 344?
13
Calculate the remainder when 6559840 is divided by 1312.
1152
Calculate the remainder when 113986038 is divided by 2120.
2118
Calculate the remainder when 229285 is divided by 76072.
1069
What is the remainder when 498848 is divided by 62314?
336
Calculate the remainder when 1519177 is divided by 216909.
814
Calculate the remainder when 6261645 is divided by 1294.
1273
Calculate the remainder when 4909932 is divided by 1081.
30
Calculate the remainder when 779646 is divided by 343.
7
What is the remainder when 1205020 is divided by 57361?
439
What is the remainder when 485787248 is divided by 4750?
4748
What is the remainder when 94330 is divided by 31181?
787
Calculate the remainder when 401686 is divided by 12172.
10
What is the remainder when 19039 is divided by 799?
662
What is the remainder when 260320 is divided by 260220?
100
What is the remainder when 63788 is divided by 90?
68
What is the remainder when 208818493 is divided by 2859?
2851
What is the remainder when 321885 is divided by 125?
10
What is the remainder when 3303169 is divided by 825792?
1
What is the remainder when 310777 is divided by 103184?
1225
What is the remainder when 1976982 is divided by 988480?
22
Calculate the remainder when 350066782 is divided by 548.
546
Calculate the remainder when 15622 is divided by 711.
691
Calculate the remainder when 29672 is divided by 8880.
3032
Calculate the remainder when 211453 is divided by 381.
379
What is the remainder when 49611344 is divided by 483?
482
Calculate the remainder when 23373396 is divided by 1337.
1299
What is the remainder when 1476782 is divided by 3409?
685
Calculate the remainder when 3937437 is divided by 260.
257
What is the remainder when 3854817691 is divided by 3364?
3363
What is the remainder when 475874 is divided by 9978?
6908
Calculate the remainder when 1382720 is divided by 198.
86
What is the remainder when 1084599 is divided by 931?
915
What is the remainder when 12258893 is divided by 795?
788
Calculate the remainder when 282601 is divided by 281955.
646
What is the remainder when 1584724 is divided by 41?
33
Calculate the remainder when 15629876 is divided by 483.
479
Calculate the remainder when 107546 is divided by 161.
159
What is the remainder when 4313368 is divided by 2632?
2152
What is the remainder when 716376 is divided by 602?
598
Calculate the remainder when 17326 is divided by 2435.
281
What is the remainder when 3227758 is divided by 9248?
206
Calculate the remainder when 2637999 is divided by 6281.
6260
What is the remainder when 4492754 is divided by 1424?
34
What is the remainder when 211131322 is divided by 33684?
10
What is the remainder when 7270283 is divided by 61?
59
Calculate the remainder when 16962 is divided by 4505.
3447
What is the remainder when 118693 is divided by 3737?
2846
Calculate the remainder when 16223912 is divided by 3.
2
What is the remainder when 36080848 is divided by 325?
323
Calculate the remainder when 13605 is divided by 4246.
867
What is the remainder when 348430694 is divided by 620?
614
Calculate the remainder when 419241741 is divided by 2749.
2747
Calculate the remainder when 23174089 is divided by 1979.
1978
What is the remainder when 289183 is divided by 12049?
7
What is the remainder when 14148 is divided by 7042?
64
What is the remainder when 1763389641 is divided by 4933?
4930
What is the remainder when 2682965 is divided by 429?
428
Calculate the remainder when 5654862 is divided by 931.
899
Calculate the remainder when 61966 is divided by 61416.
550
What is the remainder when 174700 is divided by 8?
4
Calculate the remainder when 97203495 is divided by 51.
45
Calculate the remainder when 2113140 is divided by 326.
8
Calculate the remainder when 45004640 is divided by 23.
11
Calculate the remainder when 21201607 is divided by 263.
125
Calculate the remainder when 2425361 is divided by 57746.
29
What is the remainder when 143467 is divided by 178?
177
What is the remainder when 302595 is divided by 148?
83
What is the remainder when 7379172 is divided by 21?
3
Calculate the remainder when 9977603 is divided by 60839.
7
What is the remainder when 3399189 is divided by 113306?
9
Calculate the remainder when 209359 is divided by 1330.
549
Calculate the remainder when 4195643 is divided by 4195594.
49
Calculate the remainder when 4311903 is divided by 4311815.
88
Calculate the remainder when 256684 is divided by 36581.
617
What is the remainder when 187485254 is divided by 48?
38
Calculate the remainder when 14550114 is divided by 104677.
11
Calculate the remainder when 110111 is divided by 110096.
15
What is the remainder when 5945645 is divided by 85?
65
Calculate the remainder when 129508623 is divided by 594.
585
Calculate the remainder when 188018 is divided by 15416.
3026
What is the remainder when 12868952 is divided by 813?
788
What is the remainder when 376550 is divided by 4240?
3430
What is the remainder when 567393 is divided by 63037?
60
What is the remainder when 4703102 is divided by 64?
62
What is the remainder when 299522 is divided by 13?
2
What is the remainder when 43197046 is divided by 11?
2
Calculate the remainder when 615374 is divided by 9615.
14
What is the remainder when 7710540 is divided by 14?
12
Calculate the remainder when 10790778 is divided by 17.
11
What is the remainder when 888117146 is divided by 988?
982
Calculate the remainder when 217729 is divided by 72479.
292
Calculate the remainder when 480283 is divided by 19191.
508
Calculate the remainder when 24382 is divided by 22391.
1991
Calculate the remainder when 127335 is divided by 229.
11
Calculate the remainder when 3010193 is divided by 3010159.
34
Calculate the remainder when 19681 is divided by 19511.
170
What is the remainder when 96603 is divided by 1661?
265
What is the remainder when 3329387 is divided by 1087?
993
What is the remainder when 4607416 is divided by 1151836?
72
What